e the remainder when k is divided by p/6*1*-3.
0
Let t(c) = c**3 + 5*c**2 - 9*c - 6. Let h be t(-6). Suppose -5*b + 6*b = h. What is the remainder when 34 is divided by b?
10
Let a(f) = f**2 - f - 2. Let r be a(4). Let z = r + 20. Let u = z + 9. Calculate the remainder when u is divided by 8.
7
Suppose 2*g + 2*a + 2 = -0*a, -4*a = -5*g + 13. Let k be (-55)/11*-1*g. Suppose 25 = -k*b - 0*b, -2*j + 15 = b. Calculate the remainder when 39 is divided by j.
9
Let d(x) = x**2 + 7*x + 36. What is the remainder when d(8) is divided by 15?
6
Let t(r) = 59*r - 26. What is the remainder when 98 is divided by t(1)?
32
Let d = 22 - 13. Let y = -20 - -24. What is the remainder when d is divided by y?
1
Let c = -31 - -55. Let a = 93 - 47. Suppose 6*i - 7*i = -a. Calculate the remainder when i is divided by c.
22
Let m = 281 + -277. Calculate the remainder when 49 is divided by m.
1
Suppose 6*d = 31 + 5. Suppose -2*f = d*f - 776. Calculate the remainder when f is divided by 9.
7
Suppose 3*b = 2*b + 2. Suppose 2 = -4*o + 2*r, -5*o + r = -b*r + 5. Suppose o*y - 20 = 4*a, 0*a + 1 = 4*y + 5*a. Calculate the remainder when 5 is divided by y.
1
Suppose 12039 = 7*r + 11920. Suppose g + 4*t - 66 = 0, 4*t = -2*g + 3 + 129. What is the remainder when g is divided by r?
15
Suppose 12*g - 687 = 93. Calculate the remainder when g is divided by 53.
12
Suppose p + 157 - 9 = 4*f, 111 = 3*f - 5*p. Suppose -u + 131 = f. What is the remainder when u is divided by 24?
22
Suppose 5*a - 2*x - 185 = 0, -6*a + 7*a = -x + 44. What is the remainder when 85 is divided by a?
7
Suppose -2*q + 9*z - 5*z = -122, -q - 5*z + 89 = 0. Calculate the remainder when 288 is divided by q.
12
Let m be (-23)/(-69)*(129 + 0). Let p = m - -1. What is the remainder when p is divided by 17?
10
Let h(w) = -w**2 - 23*w - 43. Let c be h(-21). What is the remainder when 35 is divided by c/(-2)*(-9 - -27)?
8
Calculate the remainder when 62/2 - (-5 - 30/(-6)) is divided by 17.
14
Let b = 4748 - 3316. Calculate the remainder when 2/5 - (b/(-20) + -5) is divided by 4/(-6) + (-62)/(-3).
17
Let w = -15 - -107. What is the remainder when w is divided by (1 + 273/6)/(12/8)?
30
Let f = 19 + -14. Suppose 0 = -3*h + 5*h - 18. Let q = h + -6. Calculate the remainder when f is divided by q.
2
Suppose 2*z + 4*p + 17 = 1, -z + 3*p + 12 = 0. Suppose z*r = 3*r - 54. What is the remainder when r is divided by 7?
4
Let k = 5 - 11. Let r = k - -13. What is the remainder when 18 is divided by r?
4
Let p be 138/(-10) + 3/(-15). Let k = p - -52. Let v(j) = -j**2 - 16*j - 45. Calculate the remainder when k is divided by v(-11).
8
Suppose 61*u = 66*u - 3*o - 214, -3*o + 6 = 0. What is the remainder when u is divided by (-1)/(-2) - (-34)/4?
8
Suppose -28*l + 805 = -707. What is the remainder when 141 is divided by l?
33
Suppose -6*n + 264 = -306. Calculate the remainder when n is divided by 26.
17
Calculate the remainder when (-220)/60*(-6)/2 is divided by 3.
2
Suppose -k - 4 = -0*b - 4*b, 4*k + 3*b - 60 = 0. What is the remainder when 107 is divided by k?
11
Suppose 102 = 7*t - 45. Calculate the remainder when 7/t + 202/6 is divided by 18.
16
Let x(i) = -i**3 + 4*i**2 - 3*i + 2. Let w be x(3). Suppose 5*h - 9 = -2*j - 0*j, 4*h = -4*j + 24. What is the remainder when j is divided by 5*(w + (-3 - -2))?
2
Let a(v) = v**3 + 10*v**2 + 4*v - 12. What is the remainder when 1175 is divided by a(-8)?
83
Let a(o) = 4*o**2 - 20*o - 110. What is the remainder when a(-22) is divided by 54?
52
Let f be (15/9)/(-5)*0. Suppose 4*y + 35 + 17 = f. Let b = 3 - y. What is the remainder when 46 is divided by b?
14
Suppose -2*i - 5*z + 44 = 0, 4*i - 2*z + 50 = 186. Calculate the remainder when i is divided by ((-1897)/(-542))/((-7)/(-22)).
10
Suppose 5*f - 594 = 8*f. Let k = f + 371. What is the remainder when k is divided by 29?
28
Let k = 560 + -129. What is the remainder when k is divided by 115?
86
Suppose 4*r - 2*r = -5*m + 316, 12 = 4*r. Calculate the remainder when 252 is divided by m - 1/(4/(-8)*1).
60
Suppose 4*g - 20 - 193 = -3*p, g + 355 = 5*p. What is the remainder when p is divided by 24?
23
Let q = 7 - -37. Suppose -7*w + q = -5*w. What is the remainder when 109 is divided by w?
21
Let c be 1*(1 - (3 + -35)). Suppose 0 = 3*d - 0*d - c. Let k(p) = 4*p**2 - 3*p - 2. Calculate the remainder when k(-3) is divided by d.
10
Let r(m) = m**2 - 7*m + 8. Let b be r(6). Suppose 0 = -5*z - b*w + 30, 4*w = z - w + 21. Let f = -14 - -17. Calculate the remainder when z is divided by f.
1
Let c(l) = -2*l + 1. Let k(m) = 3*m - 16. Let o be (-9)/(-6) - 124/(-8). What is the remainder when k(o) is divided by c(-4)?
8
Let q be (-3)/(-12) + (-44)/(-16). Suppose q*x - 3*m = 2*m - 19, 2*m = 4*x + 2. Suppose 0 - 22 = -x*s. What is the remainder when 21 is divided by s?
10
Let v(g) = g**2 - 6*g + 2. Let t be v(-6). Suppose -t = -3*p + p. Suppose -4*d - 16 = -68. What is the remainder when p is divided by d?
11
Let l(x) = -3*x**2 - 92*x - 503. What is the remainder when l(-23) is divided by 8/12 - (-19)/3?
5
Let a be 2/7 + 10/14. Let v(u) = 9*u**2 - 1. Let x = -8184 - -8198. What is the remainder when x is divided by v(a)?
6
Suppose 3*q = 4*j + 42, 4*q + 0 = -3*j + 31. Suppose q*r + 20 = 150. What is the remainder when r is divided by 5?
3
Calculate the remainder when (560/5 - -2)/1 is divided by 32.
18
Suppose 0 = 3*z + z + 4*f + 816, -z + 5*f - 186 = 0. Let w = z + 310. What is the remainder when w is divided by 37?
35
Suppose -6*x + 4*x + 492 = 0. Let n = x + -164. Suppose -z + 19 + n = u, -2*z - 214 = -2*u. Calculate the remainder when u is divided by 27.
23
Let t(f) = 2*f**2 - f + 1. Suppose -3 - 1 = -2*l. Let q(j) = 6*j**3 - j**2 - j + 1. Calculate the remainder when t(l) is divided by q(1).
2
What is the remainder when (6/(-12))/(3/(-6)) - -606 is divided by 34?
29
Let c(o) = -4*o + 66. What is the remainder when 4 is divided by c(16)?
0
Let r = -834 + 861. What is the remainder when 186 is divided by r?
24
Suppose f - 822 = -2*f. Suppose r - 266 = -x - x, 0 = 2*x - 3*r - f. Calculate the remainder when x is divided by 34.
32
Suppose -4*m + 7*m = 0. Suppose m = -3*o + 1 + 5. Suppose 19 = o*w - 19. Calculate the remainder when 56 is divided by w.
18
What is the remainder when ((2/(-2))/1)/(65/(-5915)) is divided by 17?
6
Let m(h) = -h - 1. Let o(w) = 2*w - 1. Let f(q) = 5*m(q) + o(q). Let u(i) = i**2 - 23. Calculate the remainder when f(-10) is divided by u(6).
11
Suppose 137 = 4*p + 3*d, -18*p - 52 = -20*p + 4*d. What is the remainder when 119 is divided by p?
23
What is the remainder when (((-420)/(-50))/7)/(12/1300) is divided by 38?
16
Let o(v) = 3*v**2 - 5*v + 5. Let d(q) = q**2 + 4*q - 5. Let u = -24 - -16. Calculate the remainder when o(-5) is divided by d(u).
24
Calculate the remainder when 68 is divided by 3/3*(2 + 23).
18
Let g be -3 + 7 + -3 + -1. Suppose 0*z - 4*z + 24 = g. What is the remainder when 29 is divided by z?
5
Let m = 407 - 243. What is the remainder when m is divided by 53?
5
Suppose 45 + 59 = 4*k. What is the remainder when -30*((-13)/k)/(1/4) is divided by 21?
18
Let w = 27 + 15. What is the remainder when (-3)/(-6)*254 + -3 is divided by w?
40
Suppose -3*h = -0 - 12, 4*i - 4*h - 60 = 0. What is the remainder when 16/(-6)*705/(-20) is divided by i?
18
Suppose 3*o = -2*l - 0*o + 157, 2*o = -2*l + 156. What is the remainder when l is divided by 20?
17
Let u(v) = v**3 - v + 1. Let k be u(2). Let b(w) = w**3 - 8*w**2 + 10*w - 4. What is the remainder when b(k) is divided by (-1 - 0)*(-10 - 0)?
7
Suppose 2*d - 5*t + 15 = 0, -t + 3 + 0 = -d. Suppose g - 21 - 13 = d. Let j = -2 - -14. What is the remainder when g is divided by j?
10
Let u = 19 + -6. Suppose -2*m - 3 = -7. Suppose -67 = -l + 4*r, 5*l - m*r = 13 + 250. Calculate the remainder when l is divided by u.
12
Let n(u) = 22*u**2 - 7*u + 16. Let w be n(3). Suppose 7*p = w + 255. What is the remainder when p is divided by 11?
9
Let p(f) = -2*f**3 - 96*f**2 + 96*f - 90. Calculate the remainder when 22 is divided by p(-49).
6
Let i = -7 - -7. Let w(z) = 6*z - 11. Let g be w(6). Suppose -4*n + 89 - g = i. Calculate the remainder when 79 is divided by n.
15
Let w = 4239 - 2015. Calculate the remainder when w is divided by 25.
24
Let l(c) = -c**2 - 16. Let a be l(7). Let r = -52 - a. S